 -2*i + 0*i**2 + i + 53*i**2 + 37*i**2 - 1 + 4*i. Suppose -3*t + 8*t = 10. Is l(t) a composite number?
True
Let c = -1013544 - -1454065. Is c a composite number?
True
Suppose -3*k + 1786 = -866. Suppose 0 = d + 5*i - 445, d + 4*i - k = -d. Suppose d = 3*l - 1717. Is l a composite number?
False
Suppose 5*d - 3*x = 44, d - 2*x - 2*x = 19. Is 382 - d/((-42)/(-30)) prime?
False
Let i = -223 + 226. Suppose g - 4*r = 3319, -i*g - 5*r = -10*r - 9971. Is g a prime number?
False
Let n(u) = -2446*u**3 - 25*u**2 - 36*u + 53. Is n(-4) a prime number?
False
Suppose -2391*w + 2407*w - 778352 = 0. Is w a composite number?
False
Let s = -284182 + 1762283. Is s a composite number?
True
Suppose 0 = -5*a + 25 + 140. Suppose 2*v + p = 12, -5*v - 4*p + 0*p = -a. Suppose -6 = h - 5*g - 4, 2*h + v*g = 41. Is h prime?
True
Let p be (-1)/(-2 - 41278/(-20640)). Suppose -2*r = 2*n - 5154, -10*n + 2*r + p = -6*n. Is n composite?
False
Let g(q) = 8*q - 11. Let h be g(2). Let b be 1884/20*(h - 0). Suppose 3*x - b = 4*i, -5*i - 165 - 149 = -2*x. Is x a composite number?
False
Let r(s) = -s**3 + 6*s**2 + 6*s + 7. Let y be r(7). Suppose 1 = -y*n - n, 4*q = 5*n + 18969. Is q composite?
True
Suppose 2*j + a - 414881 = 0, -5*a = j - 7*a - 207453. Is j a composite number?
False
Suppose -2*i - 3*l + 3 = 0, -l = i - 2*l - 4. Suppose -2967 = -i*w + 1986. Is w composite?
True
Let i be 1 - (-5)/(-6) - (-61)/(-6). Let c(p) = -2*p**3 - 12*p**2 + 23*p + 13. Is c(i) a composite number?
True
Let y(j) = 6*j**3 - 4*j**2 + 14*j - 7. Let c(a) = -7*a + 42. Let l be c(6). Suppose -3*d + 38 = -5*u, l = -d - 4*u - 8 - 2. Is y(d) composite?
False
Suppose -5*t - 5*u = -43 - 152, -5*u = 0. Let d = 39 - t. Suppose d = -3*h + 1093 + 470. Is h composite?
False
Suppose 2*a + 869 = j, 5*j - 2*a - 2*a = 4321. Let t = 3398 - 1896. Let l = t - j. Is l a prime number?
True
Suppose -57 = -3*c - 0*c - 3*j, 5*j - 74 = -4*c. Let q = c - 17. Suppose q*w = 6*w - 2*y - 1976, -2*w = 4*y - 1994. Is w composite?
False
Suppose 0 = 19*y + 18766 - 103354. Suppose j + y = 17329. Is j a prime number?
False
Suppose 5368 = -4*p - 0*p. Let u be 3/(30/(-41614)) - 44/(-110). Let g = p - u. Is g prime?
True
Suppose 9137 = -15*z + 36315 + 334292. Is z a prime number?
False
Let i = -118 - -128. Suppose 116376 = i*j + 14*j. Is j a prime number?
False
Let g(j) = -1050*j + 2. Let n(z) = 1051*z - 3. Let p(m) = -4*g(m) - 3*n(m). Let o be p(3). Suppose -32*k = -34*k + o. Is k prime?
True
Let x be 10*((-92)/(-20) - 4). Let j(a) = -a**3 + 6*a**2 + a - 1. Let h be j(x). Suppose 0 = 3*r - 3*z - 3522, -4 + 19 = -h*z. Is r a prime number?
True
Is (-18)/45*-2597710*6/24 a composite number?
False
Suppose -5*m + 306 = 29*m. Suppose 57*q - 351024 = m*q. Is q a composite number?
True
Let n(q) = -682*q - 18. Let p be n(-4). Let h = 471 + p. Is h prime?
True
Suppose 5*q - 48 = 5*a - 3, q = -2*a - 9. Let f(r) = -292*r + 9. Is f(a) prime?
False
Suppose 0*s + 79284 = 4*s. Suppose f + s = 4*f. Is f a prime number?
True
Let l = 779 + 3946. Let p = l + -1646. Is p prime?
True
Suppose -1 = 3*q - 0*h + 2*h, 4*q - 4*h - 12 = 0. Let b be (-30)/(-8) + (q - 15/20). Suppose b*l + 1780 = 8*l. Is l composite?
True
Let h = -160 + 174. Suppose 2*n = h*n - 36564. Is n composite?
True
Suppose -49*i = -15*i - 1795318 + 218636. Is i a composite number?
True
Suppose 2*t - 4*q = 17 + 9, -5*t + 4*q + 89 = 0. Let j be (t/(-6) - -3)*0. Suppose -5*x - 4*i + 2445 = -0*x, j = x - 5*i - 518. Is x composite?
True
Suppose g + y - 2322 = -g, 0 = -2*g + 5*y + 2322. Suppose 2*m - 3*d = g + 1474, -3959 = -3*m - 2*d. Is m a composite number?
False
Let x(f) = -6*f + 24. Let y be x(5). Let d(k) = 8*k + 52. Let g be d(y). Suppose 4*r - 187 = -c, 387 = 2*c - r - g*r. Is c a composite number?
False
Let r be 1/((-6)/(-129)) - (-1)/(-2). Is r/(-105) + 606/5 composite?
True
Let b(t) = -t + t + 4*t - 24 - 4. Let s be b(8). Suppose -2988 = s*z - 20048. Is z a prime number?
False
Let l(i) = 7*i**3 - 10*i**2 + 4*i - 8. Let d(m) = -8*m**3 + 11*m**2 - 4*m + 7. Let n(w) = -4*d(w) - 5*l(w). Let r = 2309 - 2314. Is n(r) composite?
False
Let b(u) = u**3 - 16*u**2 + 10*u + 344. Let j be b(14). Suppose -3*l + 8*l + 8452 = 3*g, 4*g = 4*l + 11256. Suppose g + j = p. Is p a composite number?
True
Let i = 27 + -22. Suppose 0 = -i*n + h + 4, 1 = 2*h - 1. Is -7 + 3 + 908 + n a composite number?
True
Let o(h) = -40297*h**3 + 6*h**2 + 21*h + 4. Let q(d) = 20148*d**3 - 3*d**2 - 10*d - 2. Let c(y) = -6*o(y) - 13*q(y). Is c(-1) composite?
False
Let z(d) = 10*d - 102. Let r be z(10). Is (-1362)/(2/r) - 5/5 a prime number?
True
Let y = 1785 - -844. Is 26/39 + (-3)/(-9)*y a composite number?
False
Let d = 229 + 35. Suppose -l + c = -d - 133, -2*c = -4*l + 1598. Suppose -l = -2*a - 4*w, -a = -2*w + w - 216. Is a a prime number?
True
Suppose 7*v + 906 = 6*v - 5*u, -4*u - 2718 = 3*v. Let t = -695 - v. Is t composite?
False
Let j = 24081 + -5242. Is j a composite number?
False
Let x(c) = 667*c**2 - 28*c + 70. Is x(13) a prime number?
True
Suppose 4*q + 25*a = 19*a + 428684, 107171 = q - 5*a. Is q a prime number?
True
Is (-24)/26 + 750536876/3068 prime?
True
Let d = -60553 - -160067. Is d composite?
True
Let g(s) = 11*s**2 - 2*s - 2. Let k be g(2). Let w = 8809 + -8512. Let c = w + k. Is c a prime number?
False
Suppose -2*t - t + 30933 = 0. Let i = t + -3508. Is i a composite number?
False
Let j(y) = -385*y - 8203. Is j(-138) a composite number?
False
Suppose 3*c - 3*l + l - 6578 = 0, -3*c + 6603 = 3*l. Is -3 + c + -7 - (-1 + -2) composite?
True
Suppose 10*w = 18448 - 197958. Let q = w - -25278. Is q a composite number?
True
Suppose -3*u - 13 - 11 = 3*x, -2*x - 3*u - 12 = 0. Is (92/x - -8)/((-1)/(-3543)) a prime number?
True
Suppose 3819454 = 12*f + 110*f. Is f a composite number?
False
Suppose -4*p - 2*q - 204 = 0, 0 = -p + 3*p - 2*q + 114. Let b = p + 55. Suppose -7*r + 4395 = -b*r. Is r a prime number?
False
Suppose 11*r + 4*r = 2*r. Suppose -3*u + u + 5*b - 8 = r, 4 = -2*u + 4*b. Let g(z) = 145*z**2 - 12*z + 7. Is g(u) prime?
False
Suppose -142*z = -255*z + 2879014. Is z composite?
True
Let s(d) = 2*d**3 + 30*d**2 + 208*d + 517. Is s(44) a prime number?
False
Let p(w) = -28*w + 64123. Is p(0) prime?
True
Suppose 4*y - 4*w - 1085584 = 0, 0 = 9*y - 5*y + w - 1085599. Is y composite?
True
Let f be 0/5 - 1 - -49. Suppose -52*m = -f*m - 5020. Is m composite?
True
Suppose -4*q + 44 = 4*g - 12, 5*g - 4*q - 25 = 0. Let x(l) be the third derivative of l**4 - 5*l**3/6 - 19*l**2. Is x(g) composite?
False
Is 137029*1*(8 - 10)/(20/(-70)) a composite number?
True
Suppose -17*w + 11*w + 12 = 0. Suppose 5435 = 4*s - o, 0 = w*s - 5*s + 5*o + 4089. Let x = s + -591. Is x a prime number?
False
Let v be (7*(-18)/63)/(2/(-10)). Suppose 4*r - 15 = -4*x + 5, -3*x + 15 = -4*r. Suppose -6670 = -x*j - 3*y, j - 4*y + v = 1367. Is j prime?
False
Let u(x) = -11*x**2 - 3*x + 13. Let l(r) = -35*r**2 - 9*r + 40. Let c(t) = 2*l(t) - 7*u(t). Is c(-6) a prime number?
True
Suppose 95044 = 5*w + 3*z - 16482, w = -5*z + 22292. Is w a composite number?
False
Let b(j) = -2*j**3 + 25*j**2 - 8*j + 17. Let k be b(10). Suppose -24863 = -18*q - k. Is q prime?
False
Suppose 0 = 70*z - 69*z - 5. Suppose -4*y - 83532 = -4*x, -z*y = -x + 3994 + 16905. Is x a prime number?
True
Let a = 196 + -195. Is a/1*(-8 + 495)*1 a prime number?
True
Let m(a) = 109*a**3 - 12*a**2 - 55*a**3 - 55*a**3 + 11 + 14*a. Let n be m(-13). Is (-1 + n)/((24/(-6914))/4) a composite number?
False
Let g = 286 + -282. Let a = -126 - -194. Is 6/(-2) + 1*g*a a composite number?
False
Suppose -12 = -0*y + 2*y - 4*z, -11 = -4*y + z. Suppose 21869 = y*a - 5*d, d + 3*d = -20. Is a a prime number?
False
Suppose -6*n - 185 = 79. Let u be 5/(-2) + (-198)/n. Suppose -u*k + 1454 = 42. Is k a composite number?
True
Let d be 2/6 - 50/(-3). Let s(n) = 9*n**2 + 14*n - 20. Let k(c) = -5*c**2 - 7*c + 9. Let j(o) = -11*k(o) - 6*s(o). Is j(d) composite?
False
Let l = -210198 - -319295. Is l a prime number?
True
Suppose -13*s + 8*s + 1057947 = -3*x, 0 = 4*s - 3*x - 846360. Is s a prime number?
False
Let y = 5977 + -4194. Suppose 14 = g - v + 5, -2*v - 48 = -5*g. Suppose g*j - 987 = y. Is j a composite number?
False
Let h(l) = -2*l - 8. Let s = 82 + -86. Let m be h(s). Suppose 5*d - 3*q + 5*q - 895 = m, 5*d - 3*q 